{"id":2284,"date":"2024-06-28T13:13:28","date_gmt":"2024-06-28T13:13:28","guid":{"rendered":"https:\/\/modest-hawking.194-143-204-3.plesk.page\/?page_id=2284"},"modified":"2024-06-28T14:18:14","modified_gmt":"2024-06-28T14:18:14","slug":"curso-de-iniciacion","status":"publish","type":"page","link":"https:\/\/aeroclubdenavarra.com\/?page_id=2284","title":{"rendered":"Curso de Iniciaci\u00f3n"},"content":{"rendered":"\t\t<div data-elementor-type=\"wp-page\" data-elementor-id=\"2284\" class=\"elementor elementor-2284\">\n\t\t\t\t\t\t<section class=\"elementor-section elementor-top-section elementor-element elementor-element-448e09a elementor-section-boxed elementor-section-height-default elementor-section-height-default\" data-id=\"448e09a\" data-element_type=\"section\" data-e-type=\"section\">\n\t\t\t\t\t\t<div class=\"elementor-container elementor-column-gap-default\">\n\t\t\t\t\t<div class=\"elementor-column elementor-col-50 elementor-top-column elementor-element elementor-element-102d429\" data-id=\"102d429\" data-element_type=\"column\" data-e-type=\"column\">\n\t\t\t<div class=\"elementor-widget-wrap elementor-element-populated\">\n\t\t\t\t\t\t<div class=\"elementor-element elementor-element-182e2e7 smalltitle pcolor elementor-widget elementor-widget-heading\" data-id=\"182e2e7\" data-element_type=\"widget\" data-e-type=\"widget\" data-widget_type=\"heading.default\">\n\t\t\t\t<div class=\"elementor-widget-container\">\n\t\t\t\t\t<span class=\"elementor-heading-title elementor-size-default\">la escuela<\/span>\t\t\t\t<\/div>\n\t\t\t\t<\/div>\n\t\t\t\t<div class=\"elementor-element elementor-element-4b3e31d elementor-widget elementor-widget-heading\" data-id=\"4b3e31d\" data-element_type=\"widget\" data-e-type=\"widget\" data-widget_type=\"heading.default\">\n\t\t\t\t<div class=\"elementor-widget-container\">\n\t\t\t\t\t<h2 class=\"elementor-heading-title elementor-size-default\">Curso de iniciaci\u00f3n<\/h2>\t\t\t\t<\/div>\n\t\t\t\t<\/div>\n\t\t\t\t<div class=\"elementor-element elementor-element-000ab2f elementor-widget elementor-widget-text-editor\" data-id=\"000ab2f\" data-element_type=\"widget\" data-e-type=\"widget\" data-widget_type=\"text-editor.default\">\n\t\t\t\t<div class=\"elementor-widget-container\">\n\t\t\t\t\t\t\t\t\tCon nuestro curso de iniciaci\u00f3n podr\u00e1s experimentar las partes mas importantes de un vuelo, como se revisa el avi\u00f3n, sus instrumentos, el despegue, crucero y aterrizaje as\u00ed como las comunicaciones entre el avi\u00f3n y la torre de control.\n\n<br><br>\n\nEstamos convencidos que te gustar\u00e1. \n<br>\nPonte en contacto con nosotros y te informamos.\t\t\t\t\t\t\t\t<\/div>\n\t\t\t\t<\/div>\n\t\t\t\t<div class=\"elementor-element elementor-element-c7f999a elementor-widget elementor-widget-button\" data-id=\"c7f999a\" data-element_type=\"widget\" data-e-type=\"widget\" data-widget_type=\"button.default\">\n\t\t\t\t<div class=\"elementor-widget-container\">\n\t\t\t\t\t\t\t\t\t<div class=\"elementor-button-wrapper\">\n\t\t\t\t\t<a class=\"elementor-button elementor-button-link elementor-size-sm\" href=\"https:\/\/aeroclubdenavarra.com\/?page_id=209\">\n\t\t\t\t\t\t<span class=\"elementor-button-content-wrapper\">\n\t\t\t\t\t\t\t\t\t<span class=\"elementor-button-text\">Cont\u00e1ctanos<\/span>\n\t\t\t\t\t<\/span>\n\t\t\t\t\t<\/a>\n\t\t\t\t<\/div>\n\t\t\t\t\t\t\t\t<\/div>\n\t\t\t\t<\/div>\n\t\t\t\t\t<\/div>\n\t\t<\/div>\n\t\t\t\t<div class=\"elementor-column elementor-col-50 elementor-top-column elementor-element elementor-element-6da17e3\" data-id=\"6da17e3\" data-element_type=\"column\" data-e-type=\"column\">\n\t\t\t<div class=\"elementor-widget-wrap elementor-element-populated\">\n\t\t\t\t\t\t<div class=\"elementor-element elementor-element-7536279 elementor-widget elementor-widget-image\" data-id=\"7536279\" data-element_type=\"widget\" data-e-type=\"widget\" data-widget_type=\"image.default\">\n\t\t\t\t<div class=\"elementor-widget-container\">\n\t\t\t\t\t\t\t\t\t\t\t\t\t\t\t<img fetchpriority=\"high\" decoding=\"async\" width=\"849\" height=\"1024\" src=\"https:\/\/aeroclubdenavarra.com\/wp-content\/uploads\/2024\/06\/2bb43748-dc9f-415c-b0f6-3c4005e24f3a-2-849x1024.jpg\" class=\"attachment-large size-large wp-image-2351\" alt=\"\" srcset=\"https:\/\/aeroclubdenavarra.com\/wp-content\/uploads\/2024\/06\/2bb43748-dc9f-415c-b0f6-3c4005e24f3a-2-849x1024.jpg 849w, https:\/\/aeroclubdenavarra.com\/wp-content\/uploads\/2024\/06\/2bb43748-dc9f-415c-b0f6-3c4005e24f3a-2-249x300.jpg 249w, https:\/\/aeroclubdenavarra.com\/wp-content\/uploads\/2024\/06\/2bb43748-dc9f-415c-b0f6-3c4005e24f3a-2-768x926.jpg 768w, https:\/\/aeroclubdenavarra.com\/wp-content\/uploads\/2024\/06\/2bb43748-dc9f-415c-b0f6-3c4005e24f3a-2-850x1025.jpg 850w, https:\/\/aeroclubdenavarra.com\/wp-content\/uploads\/2024\/06\/2bb43748-dc9f-415c-b0f6-3c4005e24f3a-2.jpg 873w\" sizes=\"(max-width: 849px) 100vw, 849px\" \/>\t\t\t\t\t\t\t\t\t\t\t\t\t\t\t<\/div>\n\t\t\t\t<\/div>\n\t\t\t\t\t<\/div>\n\t\t<\/div>\n\t\t\t\t\t<\/div>\n\t\t<\/section>\n\t\t\t\t<\/div>\n\t\t","protected":false},"excerpt":{"rendered":"<p>la escuela Curso de iniciaci\u00f3n Con nuestro curso de iniciaci\u00f3n podr\u00e1s experimentar las partes mas importantes de un vuelo, como se revisa el avi\u00f3n, sus instrumentos, el despegue, crucero y aterrizaje as\u00ed como las comunicaciones entre el avi\u00f3n y la torre de control. Estamos convencidos que te gustar\u00e1. Ponte en&#8230;<\/p>\n","protected":false},"author":1,"featured_media":2291,"parent":0,"menu_order":0,"comment_status":"closed","ping_status":"closed","template":"templates\/template-fullscreen.php","meta":{"footnotes":""},"class_list":["post-2284","page","type-page","status-publish","has-post-thumbnail","hentry"],"_links":{"self":[{"href":"https:\/\/aeroclubdenavarra.com\/index.php?rest_route=\/wp\/v2\/pages\/2284","targetHints":{"allow":["GET"]}}],"collection":[{"href":"https:\/\/aeroclubdenavarra.com\/index.php?rest_route=\/wp\/v2\/pages"}],"about":[{"href":"https:\/\/aeroclubdenavarra.com\/index.php?rest_route=\/wp\/v2\/types\/page"}],"author":[{"embeddable":true,"href":"https:\/\/aeroclubdenavarra.com\/index.php?rest_route=\/wp\/v2\/users\/1"}],"replies":[{"embeddable":true,"href":"https:\/\/aeroclubdenavarra.com\/index.php?rest_route=%2Fwp%2Fv2%2Fcomments&post=2284"}],"version-history":[{"count":8,"href":"https:\/\/aeroclubdenavarra.com\/index.php?rest_route=\/wp\/v2\/pages\/2284\/revisions"}],"predecessor-version":[{"id":2355,"href":"https:\/\/aeroclubdenavarra.com\/index.php?rest_route=\/wp\/v2\/pages\/2284\/revisions\/2355"}],"wp:featuredmedia":[{"embeddable":true,"href":"https:\/\/aeroclubdenavarra.com\/index.php?rest_route=\/wp\/v2\/media\/2291"}],"wp:attachment":[{"href":"https:\/\/aeroclubdenavarra.com\/index.php?rest_route=%2Fwp%2Fv2%2Fmedia&parent=2284"}],"curies":[{"name":"wp","href":"https:\/\/api.w.org\/{rel}","templated":true}]}}