{"id":2908,"date":"2024-07-06T11:12:18","date_gmt":"2024-07-06T11:12:18","guid":{"rendered":"https:\/\/modest-hawking.194-143-204-3.plesk.page\/?page_id=2908"},"modified":"2024-11-25T19:32:25","modified_gmt":"2024-11-25T19:32:25","slug":"flota-aeroclub-de-navarra","status":"publish","type":"page","link":"https:\/\/aeroclubdenavarra.com\/?page_id=2908","title":{"rendered":"Flota"},"content":{"rendered":"\t\t<div data-elementor-type=\"wp-page\" data-elementor-id=\"2908\" class=\"elementor elementor-2908\">\n\t\t\t\t\t\t<section class=\"elementor-section elementor-top-section elementor-element elementor-element-eba5c5c elementor-section-boxed elementor-section-height-default elementor-section-height-default\" data-id=\"eba5c5c\" data-element_type=\"section\" data-e-type=\"section\">\n\t\t\t\t\t\t<div class=\"elementor-container elementor-column-gap-default\">\n\t\t\t\t\t<div class=\"elementor-column elementor-col-100 elementor-top-column elementor-element elementor-element-3bedf0d\" data-id=\"3bedf0d\" data-element_type=\"column\" data-e-type=\"column\">\n\t\t\t<div class=\"elementor-widget-wrap elementor-element-populated\">\n\t\t\t\t\t\t<div class=\"elementor-element elementor-element-6f6d024 smalltitle pcolor elementor-widget elementor-widget-heading\" data-id=\"6f6d024\" data-element_type=\"widget\" data-e-type=\"widget\" data-widget_type=\"heading.default\">\n\t\t\t\t<div class=\"elementor-widget-container\">\n\t\t\t\t\t<span class=\"elementor-heading-title elementor-size-default\">FLOTA REAL AEROCLUB DE NAVARRA<\/span>\t\t\t\t<\/div>\n\t\t\t\t<\/div>\n\t\t\t\t<div class=\"elementor-element elementor-element-a628b0e elementor-widget elementor-widget-heading\" data-id=\"a628b0e\" data-element_type=\"widget\" data-e-type=\"widget\" data-widget_type=\"heading.default\">\n\t\t\t\t<div class=\"elementor-widget-container\">\n\t\t\t\t\t<p class=\"elementor-heading-title elementor-size-default\">Te presentamos la actual flota del Aeroclub. Disponemos de tres aviones, tres modelos con caracter\u00edsticas diferentes para que siempre puedas adquirir nuevos conocimientos, entrenar diferentes escenarios y disfrutar de una manera diferente de cada vuelo.\n<br>\nDesde nuestro avi\u00f3n escuela hasta un avi\u00f3n c\u00f3n pat\u00edn de cola, pasando por el ala alta de la Cessna 172S, con nosotros encontrar\u00e1s siempre un avi\u00f3n para cada piloto.<\/p>\t\t\t\t<\/div>\n\t\t\t\t<\/div>\n\t\t\t\t\t<\/div>\n\t\t<\/div>\n\t\t\t\t\t<\/div>\n\t\t<\/section>\n\t\t\t\t<section class=\"elementor-section elementor-top-section elementor-element elementor-element-4ae7c05c elementor-section-full_width elementor-section-content-middle elementor-section-height-default elementor-section-height-default\" data-id=\"4ae7c05c\" data-element_type=\"section\" data-e-type=\"section\">\n\t\t\t\t\t\t<div class=\"elementor-container elementor-column-gap-no\">\n\t\t\t\t\t<div class=\"elementor-column elementor-col-50 elementor-top-column elementor-element elementor-element-5ee32d78\" data-id=\"5ee32d78\" data-element_type=\"column\" data-e-type=\"column\">\n\t\t\t<div class=\"elementor-widget-wrap elementor-element-populated\">\n\t\t\t\t\t\t<div class=\"elementor-element elementor-element-7ae782da elementor-widget elementor-widget-image\" data-id=\"7ae782da\" data-element_type=\"widget\" data-e-type=\"widget\" data-widget_type=\"image.default\">\n\t\t\t\t<div class=\"elementor-widget-container\">\n\t\t\t\t\t\t\t\t\t\t\t\t\t\t\t<img fetchpriority=\"high\" decoding=\"async\" width=\"1200\" height=\"798\" src=\"https:\/\/aeroclubdenavarra.com\/wp-content\/uploads\/2024\/11\/IMGP4095.jpg\" class=\"attachment-full size-full wp-image-3183\" alt=\"\" srcset=\"https:\/\/aeroclubdenavarra.com\/wp-content\/uploads\/2024\/11\/IMGP4095.jpg 1200w, https:\/\/aeroclubdenavarra.com\/wp-content\/uploads\/2024\/11\/IMGP4095-300x200.jpg 300w, https:\/\/aeroclubdenavarra.com\/wp-content\/uploads\/2024\/11\/IMGP4095-1024x681.jpg 1024w, https:\/\/aeroclubdenavarra.com\/wp-content\/uploads\/2024\/11\/IMGP4095-768x511.jpg 768w, https:\/\/aeroclubdenavarra.com\/wp-content\/uploads\/2024\/11\/IMGP4095-850x565.jpg 850w\" sizes=\"(max-width: 1200px) 100vw, 1200px\" \/>\t\t\t\t\t\t\t\t\t\t\t\t\t\t\t<\/div>\n\t\t\t\t<\/div>\n\t\t\t\t\t<\/div>\n\t\t<\/div>\n\t\t\t\t<div class=\"elementor-column elementor-col-50 elementor-top-column elementor-element elementor-element-bb5087\" data-id=\"bb5087\" data-element_type=\"column\" data-e-type=\"column\">\n\t\t\t<div class=\"elementor-widget-wrap elementor-element-populated\">\n\t\t\t\t\t\t<div class=\"elementor-element elementor-element-131810bf elementor-widget elementor-widget-heading\" data-id=\"131810bf\" data-element_type=\"widget\" data-e-type=\"widget\" data-widget_type=\"heading.default\">\n\t\t\t\t<div class=\"elementor-widget-container\">\n\t\t\t\t\t<h2 class=\"elementor-heading-title elementor-size-default\">CESSNA 172S<\/h2>\t\t\t\t<\/div>\n\t\t\t\t<\/div>\n\t\t\t\t<div class=\"elementor-element elementor-element-b3270f3 elementor-widget elementor-widget-text-editor\" data-id=\"b3270f3\" data-element_type=\"widget\" data-e-type=\"widget\" data-widget_type=\"text-editor.default\">\n\t\t\t\t<div class=\"elementor-widget-container\">\n\t\t\t\t\t\t\t\t\t<p>Con la Cessna 172S, vivir\u00e1s la aut\u00e9ntica pasi\u00f3n por volar, disfrutando de una de las aeronaves m\u00e1s vers\u00e1tiles y confiables del mundo de la aviaci\u00f3n.Conocida por su estabilidad, facilidad de manejo y seguridad, esta aeronave es perfecta tanto para pilotos en formaci\u00f3n como para aquellos que disfrutan de vuelos recreativos.<\/p>\t\t\t\t\t\t\t\t<\/div>\n\t\t\t\t<\/div>\n\t\t\t\t<div class=\"elementor-element elementor-element-2d1c88e elementor-widget elementor-widget-text-editor\" data-id=\"2d1c88e\" data-element_type=\"widget\" data-e-type=\"widget\" data-widget_type=\"text-editor.default\">\n\t\t\t\t<div class=\"elementor-widget-container\">\n\t\t\t\t\t\t\t\t\t<div class=\"fusion-li-item-content\"><ul><li><strong>Capacidad:<\/strong> 4 personas (incluido el piloto)<\/li><li><strong>Velocidad de Crucero:<\/strong> 124 nudos (230 km\/h)<\/li><li><strong>Autonom\u00eda:<\/strong> Hasta 640 millas n\u00e1uticas (1,185 km)<\/li><li><strong>Altitud M\u00e1xima de Vuelo:<\/strong> 14,000 pies (4267 metros)<\/li><\/ul><\/div>\t\t\t\t\t\t\t\t<\/div>\n\t\t\t\t<\/div>\n\t\t\t\t<div class=\"elementor-element elementor-element-6690ebb6 elementor-widget elementor-widget-button\" data-id=\"6690ebb6\" data-element_type=\"widget\" data-e-type=\"widget\" data-widget_type=\"button.default\">\n\t\t\t\t<div class=\"elementor-widget-container\">\n\t\t\t\t\t\t\t\t\t<div class=\"elementor-button-wrapper\">\n\t\t\t\t\t<a class=\"elementor-button elementor-button-link elementor-size-sm\" href=\"?page_id=209\">\n\t\t\t\t\t\t<span class=\"elementor-button-content-wrapper\">\n\t\t\t\t\t\t\t\t\t<span class=\"elementor-button-text\">Cont\u00e1ctanos<\/span>\n\t\t\t\t\t<\/span>\n\t\t\t\t\t<\/a>\n\t\t\t\t<\/div>\n\t\t\t\t\t\t\t\t<\/div>\n\t\t\t\t<\/div>\n\t\t\t\t\t<\/div>\n\t\t<\/div>\n\t\t\t\t\t<\/div>\n\t\t<\/section>\n\t\t\t\t<section class=\"elementor-section elementor-top-section elementor-element elementor-element-37b4b99 elementor-section-full_width elementor-section-content-middle elementor-section-height-default elementor-section-height-default\" data-id=\"37b4b99\" data-element_type=\"section\" data-e-type=\"section\">\n\t\t\t\t\t\t<div class=\"elementor-container elementor-column-gap-no\">\n\t\t\t\t\t<div class=\"elementor-column elementor-col-50 elementor-top-column elementor-element elementor-element-1ebc94a5 order2\" data-id=\"1ebc94a5\" data-element_type=\"column\" data-e-type=\"column\">\n\t\t\t<div class=\"elementor-widget-wrap elementor-element-populated\">\n\t\t\t\t\t\t<div class=\"elementor-element elementor-element-537423e3 elementor-widget elementor-widget-heading\" data-id=\"537423e3\" data-element_type=\"widget\" data-e-type=\"widget\" data-widget_type=\"heading.default\">\n\t\t\t\t<div class=\"elementor-widget-container\">\n\t\t\t\t\t<h2 class=\"elementor-heading-title elementor-size-default\">PZL KOLIBER 160-A <\/h2>\t\t\t\t<\/div>\n\t\t\t\t<\/div>\n\t\t\t\t<div class=\"elementor-element elementor-element-4efb2e3 elementor-widget elementor-widget-text-editor\" data-id=\"4efb2e3\" data-element_type=\"widget\" data-e-type=\"widget\" data-widget_type=\"text-editor.default\">\n\t\t\t\t<div class=\"elementor-widget-container\">\n\t\t\t\t\t\t\t\t\tUna aeronave ligera de origen polaco-franc\u00e9s, reconocida por su elegancia, precisi\u00f3n y eficiencia. \n<br>Ideal para vuelos de entrenamiento y recreativos, este avi\u00f3n ofrece una experiencia de vuelo suave y controlada, siendo una excelente opci\u00f3n tanto para pilotos novatos como experimentados.\t\t\t\t\t\t\t\t<\/div>\n\t\t\t\t<\/div>\n\t\t\t\t<div class=\"elementor-element elementor-element-d04f21e elementor-widget elementor-widget-text-editor\" data-id=\"d04f21e\" data-element_type=\"widget\" data-e-type=\"widget\" data-widget_type=\"text-editor.default\">\n\t\t\t\t<div class=\"elementor-widget-container\">\n\t\t\t\t\t\t\t\t\t<div class=\"fusion-li-item-content\"><ul><li><strong>Capacidad:<\/strong> 3 personas (incluido el piloto)<\/li><li><strong>Velocidad de Crucero:<\/strong> 90 nudos (166 km\/h)<\/li><li><strong>Autonom\u00eda:<\/strong> Hasta 500 millas n\u00e1uticas (926 km)<\/li><li><strong>Altitud M\u00e1xima de Vuelo:<\/strong> 10,000 pies (3048 metros)<\/li><\/ul><\/div>\t\t\t\t\t\t\t\t<\/div>\n\t\t\t\t<\/div>\n\t\t\t\t<div class=\"elementor-element elementor-element-ec246fc elementor-widget elementor-widget-button\" data-id=\"ec246fc\" data-element_type=\"widget\" data-e-type=\"widget\" data-widget_type=\"button.default\">\n\t\t\t\t<div class=\"elementor-widget-container\">\n\t\t\t\t\t\t\t\t\t<div class=\"elementor-button-wrapper\">\n\t\t\t\t\t<a class=\"elementor-button elementor-button-link elementor-size-sm\" href=\"?page_id=209\">\n\t\t\t\t\t\t<span class=\"elementor-button-content-wrapper\">\n\t\t\t\t\t\t\t\t\t<span class=\"elementor-button-text\">Cont\u00e1ctanos<\/span>\n\t\t\t\t\t<\/span>\n\t\t\t\t\t<\/a>\n\t\t\t\t<\/div>\n\t\t\t\t\t\t\t\t<\/div>\n\t\t\t\t<\/div>\n\t\t\t\t\t<\/div>\n\t\t<\/div>\n\t\t\t\t<div class=\"elementor-column elementor-col-50 elementor-top-column elementor-element elementor-element-4add1e7a order1\" data-id=\"4add1e7a\" data-element_type=\"column\" data-e-type=\"column\">\n\t\t\t<div class=\"elementor-widget-wrap elementor-element-populated\">\n\t\t\t\t\t\t<div class=\"elementor-element elementor-element-3d9fa369 elementor-widget elementor-widget-image\" data-id=\"3d9fa369\" data-element_type=\"widget\" data-e-type=\"widget\" data-widget_type=\"image.default\">\n\t\t\t\t<div class=\"elementor-widget-container\">\n\t\t\t\t\t\t\t\t\t\t\t\t\t\t\t<img decoding=\"async\" width=\"1024\" height=\"763\" src=\"https:\/\/aeroclubdenavarra.com\/wp-content\/uploads\/2024\/07\/IMG3592-1024x763.jpg\" class=\"attachment-large size-large wp-image-2917\" alt=\"\" srcset=\"https:\/\/aeroclubdenavarra.com\/wp-content\/uploads\/2024\/07\/IMG3592-1024x763.jpg 1024w, https:\/\/aeroclubdenavarra.com\/wp-content\/uploads\/2024\/07\/IMG3592-300x224.jpg 300w, https:\/\/aeroclubdenavarra.com\/wp-content\/uploads\/2024\/07\/IMG3592-768x573.jpg 768w, https:\/\/aeroclubdenavarra.com\/wp-content\/uploads\/2024\/07\/IMG3592-1536x1145.jpg 1536w, https:\/\/aeroclubdenavarra.com\/wp-content\/uploads\/2024\/07\/IMG3592-2048x1527.jpg 2048w, https:\/\/aeroclubdenavarra.com\/wp-content\/uploads\/2024\/07\/IMG3592-850x634.jpg 850w\" sizes=\"(max-width: 1024px) 100vw, 1024px\" \/>\t\t\t\t\t\t\t\t\t\t\t\t\t\t\t<\/div>\n\t\t\t\t<\/div>\n\t\t\t\t\t<\/div>\n\t\t<\/div>\n\t\t\t\t\t<\/div>\n\t\t<\/section>\n\t\t\t\t<section class=\"elementor-section elementor-top-section elementor-element elementor-element-eea05ae elementor-section-full_width elementor-section-content-middle elementor-section-height-default elementor-section-height-default\" data-id=\"eea05ae\" data-element_type=\"section\" data-e-type=\"section\">\n\t\t\t\t\t\t<div class=\"elementor-container elementor-column-gap-no\">\n\t\t\t\t\t<div class=\"elementor-column elementor-col-50 elementor-top-column elementor-element elementor-element-0f3a25f\" data-id=\"0f3a25f\" data-element_type=\"column\" data-e-type=\"column\">\n\t\t\t<div class=\"elementor-widget-wrap elementor-element-populated\">\n\t\t\t\t\t\t<div class=\"elementor-element elementor-element-8ee2212 elementor-widget elementor-widget-image\" data-id=\"8ee2212\" data-element_type=\"widget\" data-e-type=\"widget\" data-widget_type=\"image.default\">\n\t\t\t\t<div class=\"elementor-widget-container\">\n\t\t\t\t\t\t\t\t\t\t\t\t\t\t\t<img decoding=\"async\" width=\"2560\" height=\"1920\" src=\"https:\/\/aeroclubdenavarra.com\/wp-content\/uploads\/2024\/07\/IMG_1675-scaled.jpg\" class=\"attachment-full size-full wp-image-2926\" alt=\"\" srcset=\"https:\/\/aeroclubdenavarra.com\/wp-content\/uploads\/2024\/07\/IMG_1675-scaled.jpg 2560w, https:\/\/aeroclubdenavarra.com\/wp-content\/uploads\/2024\/07\/IMG_1675-300x225.jpg 300w, https:\/\/aeroclubdenavarra.com\/wp-content\/uploads\/2024\/07\/IMG_1675-1024x768.jpg 1024w, https:\/\/aeroclubdenavarra.com\/wp-content\/uploads\/2024\/07\/IMG_1675-768x576.jpg 768w, https:\/\/aeroclubdenavarra.com\/wp-content\/uploads\/2024\/07\/IMG_1675-1536x1152.jpg 1536w, https:\/\/aeroclubdenavarra.com\/wp-content\/uploads\/2024\/07\/IMG_1675-2048x1536.jpg 2048w, https:\/\/aeroclubdenavarra.com\/wp-content\/uploads\/2024\/07\/IMG_1675-850x638.jpg 850w\" sizes=\"(max-width: 2560px) 100vw, 2560px\" \/>\t\t\t\t\t\t\t\t\t\t\t\t\t\t\t<\/div>\n\t\t\t\t<\/div>\n\t\t\t\t\t<\/div>\n\t\t<\/div>\n\t\t\t\t<div class=\"elementor-column elementor-col-50 elementor-top-column elementor-element elementor-element-7dd3cf6\" data-id=\"7dd3cf6\" data-element_type=\"column\" data-e-type=\"column\">\n\t\t\t<div class=\"elementor-widget-wrap elementor-element-populated\">\n\t\t\t\t\t\t<div class=\"elementor-element elementor-element-8df3cb1 elementor-widget elementor-widget-heading\" data-id=\"8df3cb1\" data-element_type=\"widget\" data-e-type=\"widget\" data-widget_type=\"heading.default\">\n\t\t\t\t<div class=\"elementor-widget-container\">\n\t\t\t\t\t<h2 class=\"elementor-heading-title elementor-size-default\">GROB 109B<\/h2>\t\t\t\t<\/div>\n\t\t\t\t<\/div>\n\t\t\t\t<div class=\"elementor-element elementor-element-d5bed09 elementor-widget elementor-widget-text-editor\" data-id=\"d5bed09\" data-element_type=\"widget\" data-e-type=\"widget\" data-widget_type=\"text-editor.default\">\n\t\t\t\t<div class=\"elementor-widget-container\">\n\t\t\t\t\t\t\t\t\tDise\u00f1ada para ofrecer un vuelo suave y prolongado, este motovelero es perfecto tanto para pilotos que desean disfrutar de la experiencia del planeo como para quienes buscan un avi\u00f3n vers\u00e1til para diferentes tipos de vuelo.\t\t\t\t\t\t\t\t<\/div>\n\t\t\t\t<\/div>\n\t\t\t\t<div class=\"elementor-element elementor-element-0c78d66 elementor-widget elementor-widget-text-editor\" data-id=\"0c78d66\" data-element_type=\"widget\" data-e-type=\"widget\" data-widget_type=\"text-editor.default\">\n\t\t\t\t<div class=\"elementor-widget-container\">\n\t\t\t\t\t\t\t\t\t<div class=\"fusion-li-item-content\"><ul><li><strong>Capacidad:<\/strong> 2 personas (incluido el piloto)<\/li><li><strong>Velocidad de Crucero:<\/strong> 90 nudos (166 km\/h)<\/li><li><strong>Autonom\u00eda:<\/strong> Hasta 650 millas n\u00e1uticas (1200 km) en modo de motor<\/li><li><strong>Altitud M\u00e1xima de Vuelo:<\/strong> 16,500 pies (5400 metros)<\/li><\/ul><\/div>\t\t\t\t\t\t\t\t<\/div>\n\t\t\t\t<\/div>\n\t\t\t\t<div class=\"elementor-element elementor-element-7739938 elementor-widget elementor-widget-button\" data-id=\"7739938\" data-element_type=\"widget\" data-e-type=\"widget\" data-widget_type=\"button.default\">\n\t\t\t\t<div class=\"elementor-widget-container\">\n\t\t\t\t\t\t\t\t\t<div class=\"elementor-button-wrapper\">\n\t\t\t\t\t<a class=\"elementor-button elementor-button-link elementor-size-sm\" href=\"?page_id=209\">\n\t\t\t\t\t\t<span class=\"elementor-button-content-wrapper\">\n\t\t\t\t\t\t\t\t\t<span class=\"elementor-button-text\">Cont\u00e1ctanos<\/span>\n\t\t\t\t\t<\/span>\n\t\t\t\t\t<\/a>\n\t\t\t\t<\/div>\n\t\t\t\t\t\t\t\t<\/div>\n\t\t\t\t<\/div>\n\t\t\t\t\t<\/div>\n\t\t<\/div>\n\t\t\t\t\t<\/div>\n\t\t<\/section>\n\t\t\t\t<section class=\"elementor-section elementor-top-section elementor-element elementor-element-e279da2 elementor-section-content-middle elementor-section-boxed elementor-section-height-default elementor-section-height-default\" data-id=\"e279da2\" data-element_type=\"section\" data-e-type=\"section\" data-settings=\"{&quot;background_background&quot;:&quot;video&quot;,&quot;background_video_link&quot;:&quot;wp-content\\\/uploads\\\/2024\\\/11\\\/cessna-lepp.mp4&quot;,&quot;background_play_on_mobile&quot;:&quot;yes&quot;}\">\n\t\t\t\t\t\t\t\t<div class=\"elementor-background-video-container\">\n\t\t\t\t\t\t\t\t\t\t\t\t\t<video class=\"elementor-background-video-hosted\" role=\"presentation\" autoplay muted playsinline loop><\/video>\n\t\t\t\t\t\t\t\t\t\t\t<\/div>\n\t\t\t\t\t\t\t\t\t<div class=\"elementor-background-overlay\"><\/div>\n\t\t\t\t\t\t\t<div class=\"elementor-container elementor-column-gap-default\">\n\t\t\t\t\t<div class=\"elementor-column elementor-col-100 elementor-top-column elementor-element elementor-element-fa8c204\" data-id=\"fa8c204\" data-element_type=\"column\" data-e-type=\"column\">\n\t\t\t<div class=\"elementor-widget-wrap elementor-element-populated\">\n\t\t\t\t\t\t<div class=\"elementor-element elementor-element-07768c7 smalltitle pcolor2 elementor-widget elementor-widget-heading\" data-id=\"07768c7\" data-element_type=\"widget\" data-e-type=\"widget\" data-widget_type=\"heading.default\">\n\t\t\t\t<div class=\"elementor-widget-container\">\n\t\t\t\t\t<span class=\"elementor-heading-title elementor-size-default\">LEPP runway 33<\/span>\t\t\t\t<\/div>\n\t\t\t\t<\/div>\n\t\t\t\t<div class=\"elementor-element elementor-element-b7a2fb6 elementor-widget elementor-widget-heading\" data-id=\"b7a2fb6\" data-element_type=\"widget\" data-e-type=\"widget\" data-widget_type=\"heading.default\">\n\t\t\t\t<div class=\"elementor-widget-container\">\n\t\t\t\t\t<h6 class=\"elementor-heading-title elementor-size-default\">Cessna 172S<\/h6>\t\t\t\t<\/div>\n\t\t\t\t<\/div>\n\t\t\t\t\t<\/div>\n\t\t<\/div>\n\t\t\t\t\t<\/div>\n\t\t<\/section>\n\t\t\t\t<\/div>\n\t\t","protected":false},"excerpt":{"rendered":"<p>FLOTA REAL AEROCLUB DE NAVARRA Te presentamos la actual flota del Aeroclub. Disponemos de tres aviones, tres modelos con caracter\u00edsticas diferentes para que siempre puedas adquirir nuevos conocimientos, entrenar diferentes escenarios y disfrutar de una manera diferente de cada vuelo. Desde nuestro avi\u00f3n escuela hasta un avi\u00f3n c\u00f3n pat\u00edn de&#8230;<\/p>\n","protected":false},"author":1,"featured_media":1901,"parent":0,"menu_order":0,"comment_status":"closed","ping_status":"closed","template":"templates\/template-fullscreen.php","meta":{"footnotes":""},"class_list":["post-2908","page","type-page","status-publish","has-post-thumbnail","hentry"],"_links":{"self":[{"href":"https:\/\/aeroclubdenavarra.com\/index.php?rest_route=\/wp\/v2\/pages\/2908","targetHints":{"allow":["GET"]}}],"collection":[{"href":"https:\/\/aeroclubdenavarra.com\/index.php?rest_route=\/wp\/v2\/pages"}],"about":[{"href":"https:\/\/aeroclubdenavarra.com\/index.php?rest_route=\/wp\/v2\/types\/page"}],"author":[{"embeddable":true,"href":"https:\/\/aeroclubdenavarra.com\/index.php?rest_route=\/wp\/v2\/users\/1"}],"replies":[{"embeddable":true,"href":"https:\/\/aeroclubdenavarra.com\/index.php?rest_route=%2Fwp%2Fv2%2Fcomments&post=2908"}],"version-history":[{"count":130,"href":"https:\/\/aeroclubdenavarra.com\/index.php?rest_route=\/wp\/v2\/pages\/2908\/revisions"}],"predecessor-version":[{"id":3280,"href":"https:\/\/aeroclubdenavarra.com\/index.php?rest_route=\/wp\/v2\/pages\/2908\/revisions\/3280"}],"wp:featuredmedia":[{"embeddable":true,"href":"https:\/\/aeroclubdenavarra.com\/index.php?rest_route=\/wp\/v2\/media\/1901"}],"wp:attachment":[{"href":"https:\/\/aeroclubdenavarra.com\/index.php?rest_route=%2Fwp%2Fv2%2Fmedia&parent=2908"}],"curies":[{"name":"wp","href":"https:\/\/api.w.org\/{rel}","templated":true}]}}